divided by 152?
28
Suppose -148 = -6*j + 2*j. Suppose -100 = -3*o - f, 4*f - j = -2*o + o. Calculate the remainder when o is divided by 11 + (-2)/(-4 + 2).
9
Suppose 0 = -0*j + 5*j - 5. Suppose -67*v = -61*v - 168. Calculate the remainder when (1/j + -335)/(-2) is divided by v.
27
Suppose -101 = -z - x, -5*z = -3*z + 5*x - 217. Calculate the remainder when 1006 is divided by z.
46
Suppose 2*a + a - 9 = 0. Suppose -a*c = 5*z - 128, -4*z + 235 = 5*c - 0*c. Suppose -44*p + 715 = 11*p. Calculate the remainder when c is divided by p.
12
Let i = 3271 + -3224. What is the remainder when 509 is divided by i?
39
Let l(b) = -147*b + 745. What is the remainder when 773 is divided by l(4)?
145
Suppose 1095 = 18*b - 3*b. What is the remainder when b is divided by (-440)/(-32) - -7 - 6/8?
13
Let h(v) = 841*v - 9033. Calculate the remainder when h(12) is divided by 291.
186
Suppose -2349*s = -2366*s + 1445. Calculate the remainder when 93 is divided by s.
8
Let s(h) = h**2 - 2*h + 3. Let z be s(2). Let d(b) = 6*b - 32472*b**2 - 6 - 14*b + 32476*b**2. Calculate the remainder when 11 is divided by d(z).
5
Suppose -2*v - 3 = -3*u, -3*v = -5*v - 4*u + 4. Suppose v*p - p = -38. What is the remainder when p is divided by 16?
6
Suppose 2*i - 3*x - 114 = 0, -5*i + 49*x = 50*x - 234. Let q = 47 + -34. What is the remainder when i is divided by q?
9
Suppose -11*t + 6*t + 120 = 0. Suppose -4*d - 8 = -t. Suppose 5*n + 10 = 0, d*n - 207 = -10*m + 5*m. What is the remainder when 83 is divided by m?
40
Let o = 4941 - 4463. What is the remainder when 1443 is divided by o?
9
Let v = -5968 + 6007. What is the remainder when 343 is divided by v?
31
Suppose q - 34 = -0*l + 3*l, -4*q = 2*l - 66. Suppose 0 = 5*z - 5*n - 145, 2*n + 32 = z - 0*z. Calculate the remainder when 3804/52 - 4/z is divided by q.
16
Suppose -19*y - 4*y = 23. What is the remainder when y/2 + (-7506)/(-108) is divided by 18?
15
Suppose 86*f + 77*f - 140 = 156*f. Calculate the remainder when 8459 is divided by f.
19
Suppose -5*x - 3*o = -401, 0*x - 5*o = -2*x + 148. What is the remainder when x is divided by (138 - 204)*9/(-27)?
13
Suppose 4*j = 14*c - 16*c + 2, -4*c - j + 39 = 0. Let r be 2 - 0 - -19*1. Suppose 0 = 2*x - r - 13. What is the remainder when x is divided by c?
6
Let l(g) = -g**3 + 6*g**2 + 13*g + 8. Let r be l(7). What is the remainder when 28 is divided by ((-3)/(-2))/((105/r)/7)?
3
Let h = 11 - -2. Suppose 0 = h*f - 8*f + 35. Let z(j) = j**3 + 10*j**2 + 5*j + 11. What is the remainder when z(f) is divided by 18?
15
Let m(d) = -1 - 33*d + 1 + 12*d. Let a = -698 + 713. Calculate the remainder when m(-2) is divided by a.
12
Calculate the remainder when 210 is divided by ((-24)/(-7))/(-2)*2709/(-129).
30
Suppose 1272 = -7*r + 1622. Calculate the remainder when 2292 is divided by r.
42
Let x(c) = c**2 + 4*c + 441. What is the remainder when x(0) is divided by 12?
9
Suppose 4*h = 5*c - 0*h + 36, 4*h - 24 = 2*c. Let y be (-3462)/(-30) - c/(-10). Let w = y - 65. What is the remainder when w is divided by 18?
14
Let u = 4 - 20. Let p = u - -22. Suppose -8*d + p = -6*d. Calculate the remainder when d is divided by 3.
0
Let a(u) = 3*u**3 - 14*u**2 + 25*u + 7. Calculate the remainder when 1/(-2) - (-390)/4 is divided by a(2).
22
Let f(t) = -t**3 + t**2 - t + 4. Let o be f(0). Let d be (5 + 344/(-72))/(-1*(-2)/126). Let m = d - o. What is the remainder when 17 is divided by m?
7
Suppose 114*x - 130200 - 20052 = 0. What is the remainder when x is divided by 120?
118
Let q be 1*(4 + -11)*800/(-70). Suppose -2*m + q = s, -5*m + s - 91 = -277. Let i = 180 + 9. What is the remainder when i is divided by m?
37
Let w(q) = 8*q**2 - 280*q - 47. Calculate the remainder when w(36) is divided by 28.
17
What is the remainder when 256 is divided by 24/48 - (-580)/8?
37
Let v = 377 - 254. Suppose 0 = -3*y + 9*y - 24. Suppose -31 = -i + 3*z, -5*i + 0*z = -y*z - 155. Calculate the remainder when v is divided by i.
30
Let b(p) = -p**3 - 5*p**2 - 3*p + 1. Let g be b(-4). Suppose 34*u - 350 = 9*u. What is the remainder when u is divided by (g - (-40)/4) + -1?
2
Suppose -47 = 5*y - 222. Let v(b) = 331*b - 2439. Calculate the remainder when v(8) is divided by y.
34
Suppose 342*s - 6277 = -101*s + 4798. What is the remainder when 616 is divided by s?
16
Let j be (-1)/(1 - 28/24). Let q(p) be the third derivative of -p**4/24 + 4*p**3/3 - 11*p**2 + 2. What is the remainder when 6 is divided by q(j)?
0
Suppose -2*b + 484 = -2*l, 20*b + 4*l = 22*b - 476. What is the remainder when 2704 is divided by b?
244
Let v = -1205 - -1367. What is the remainder when v is divided by 19?
10
Let b(u) = -u - 2. Suppose -13*p = -0 - 26. Suppose 9*h - p*i - 14 = 7*h, 0 = -5*h - i + 53. What is the remainder when h is divided by b(-9)?
3
Suppose -5*i - d = -0*i - 591, 4*i - 4*d = 492. Calculate the remainder when i is divided by 394/9 + 4/18.
31
Suppose 1050 = 27*f + 15*f. Suppose n - 52 = -f*n. Calculate the remainder when 9 is divided by n.
1
Suppose 5*d - 5*c + 5 = 0, 0 = 3*d + 7*c - 2*c - 29. Let p(r) = 30*r**2 - 18*r + 53. What is the remainder when p(d) is divided by 68?
65
Suppose -468*x - 3*t - 6089 = -472*x, -x + 1546 = 4*t. What is the remainder when x is divided by 191?
189
Let w(d) be the third derivative of d**4/24 - 5*d**3/6 - 5*d**2. Calculate the remainder when 39 is divided by w(15).
9
Let t be 88/(-6)*-15*(-1)/(-2). Let l = t - 115. What is the remainder when 143 is divided by -3 - (-5)/(l/(-32))?
27
Let v(o) be the first derivative of -o**4/2 - 5*o**3 - 6*o**2 + 5*o - 105. Suppose -126 = -3*q - 0*q. What is the remainder when v(-8) is divided by q?
39
Suppose 0 = -2*k + 19 + 13. Let b(q) = q**2 - 29*q + 123. Let a be b(27). Let r = k + a. Calculate the remainder when r is divided by 22.
19
Let y(v) = v**3 + 28*v**2 - 60*v - 18. Let p be y(-30). What is the remainder when (-9)/(p/4) + -4 + 35 is divided by 9?
6
Let v(b) = 18*b - 2998. Let o = 3 - -83. Calculate the remainder when o is divided by v(169).
42
Let s = -18 - -13. Let n(r) = 2*r**2 + 5*r - 7. Let j = 3475 - 3442. Calculate the remainder when j is divided by n(s).
15
Suppose -2*m = 4*z - 687 - 109, -5*m - z + 1999 = 0. What is the remainder when 805 is divided by m?
5
Let i(g) = -g**3 + 32*g**2 + 14*g - 2767. What is the remainder when 8583 is divided by i(29)?
159
Suppose -211*m - 799 = -228*m. What is the remainder when 187 is divided by m?
46
Let p = 328 + -267. Calculate the remainder when 1216 is divided by p.
57
Let p(n) = -2*n**2 + 24*n - 14. Let u(x) be the third derivative of x**5/60 - x**4/8 + x**3/3 + 3*x**2. Calculate the remainder when u(6) is divided by p(11).
4
Let l(t) = t + 3. Calculate the remainder when (-2646)/81*((-66)/(-21) - 4) is divided by l(10).
2
Suppose -7*u = -50 - 181. What is the remainder when 1549 is divided by u?
31
Let f = -2473 + 2619. Calculate the remainder when f is divided by 134.
12
What is the remainder when 197 is divided by (9/6 - 2) + 330/20*1?
5
Let m(r) = -134*r - 34. What is the remainder when m(-2) is divided by 69?
27
Let g(o) = 2*o**3 - 4*o**2 - 2. Calculate the remainder when 5 - ((-275)/(-5))/((-2)/(4/5)) is divided by g(3).
11
Suppose -2*g = 3*q - 179 - 179, -4*q + 476 = 4*g. Suppose 5*a - 6*a + 26 = -3*l, -q = -4*a - 4*l. Calculate the remainder when 170 is divided by a.
25
Let h be (-1 - -23)/(-4*3/18). Let u = 123 + h. What is the remainder when u is divided by 23?
21
Let o = 25 + -25. Suppose o = -y - 2*y + 69. Suppose 4*m = y - 19. What is the remainder when m is divided by 1?
0
Suppose -12*s + 34 + 26 = 0. Calculate the remainder when 347 is divided by (10/8)/((s/(-1))/(-40)).
7
Suppose 40613 + 19589 = j. Suppose -2*i + 2766 = -2*g - 27332, -4*i - 2*g = -j. Calculate the remainder when 2/6 + i/75 is divided by 17.
14
Suppose 0*d - 2*d - 632 = 0. Suppose 0 = 19*g + 6842 + 2544. Let m = d - g. Calculate the remainder when m is divided by 36.
34
Let j(m) = 45 + 12*m - m**2 + 86 + 109. What is the remainder when 95 is divided by j(-9)?
44
Suppose 20 = 11*x - 7*x. Let t be (-2)/(11/2 - x). Calculate the remainder when 84 is divided by 3/(-6) + (-174)/t.
41
Let a = 112 + -71. Let h = 31 - a. What is the remainder when 32 is divided by (-10)/25 + (-54)/h?
2
Suppose 3*l - 255 = 5*d, -3*l + d = -d - 264. Suppose -557